 227164. Calculate m(-133).
0
Let n(g) = g**3 + 13*g**2 + 9*g - 265. Give n(-8).
-17
Let q(h) = h**2 + 41*h + 102. What is q(-23)?
-312
Let d(p) = -p + 218. What is d(5)?
213
Let j(g) = -330*g + 664. What is j(2)?
4
Let g(x) = -x**2 + 42*x - 356. Calculate g(30).
4
Let b(h) = -h**3 - 15*h**2 - 28*h + 115. Give b(-12).
19
Let w(h) = 3*h**2 - 159*h + 792. Give w(5).
72
Let p(h) = 26*h**3 + 3*h**2 + 152*h - 156. What is p(1)?
25
Let m(s) = 76*s + 100. Determine m(-6).
-356
Let k(w) = -w**3 + 5*w**2 + 9*w + 14. Calculate k(-2).
24
Let l(q) = q**3 - 44*q**2 - 177*q + 1685. Calculate l(47).
-7
Let h(l) = l**3 + 32*l**2 - 25*l + 282. Calculate h(-33).
18
Let k(m) = m**3 - 13*m**2 - 10*m + 158. Give k(12).
-106
Let h(g) = 3007*g - 21051. Give h(7).
-2
Let g(t) = 124*t - 8756. What is g(70)?
-76
Let b(k) = 219*k - 15107. What is b(70)?
223
Let z(j) = -663*j + 6631. What is z(10)?
1
Let p(c) = 3*c + 255. Calculate p(-30).
165
Let n(x) = x**3 + 2*x**2 - 89*x + 266. Determine n(5).
-4
Let x(h) = -41*h - 736. What is x(-18)?
2
Let p(h) = 117*h + 994. Calculate p(-9).
-59
Let t(y) = y**3 + 7*y**2 - 17*y - 8. Determine t(-3).
79
Let k(a) = 45*a - 1985. Give k(35).
-410
Let m(q) = -2*q**2 + 381*q + 3183. Calculate m(-8).
7
Let d(j) = -3081*j + 12325. Calculate d(4).
1
Let n(r) = 28*r + 262. What is n(-21)?
-326
Let l(q) = q**3 - 6*q**2 - 70*q + 398. What is l(8)?
-34
Let f(r) = -110*r + 446. What is f(4)?
6
Let i(t) = 3*t**3 + 23*t**2 + 29*t + 351. What is i(-8)?
55
Let g(v) = 4*v**2 + 118*v + 859. What is g(-12)?
19
Let d(g) = -4*g**3 + 13*g**2 - 25*g - 11. Determine d(2).
-41
Let d(n) = 4*n**3 - 7*n**2 + 8*n - 8. Calculate d(6).
652
Let z(y) = 7*y**2 - 9. What is z(3)?
54
Let r(i) = 106*i - 1807. Calculate r(17).
-5
Let t(l) = -3*l**2 - 186*l - 2298. Calculate t(-17).
-3
Let b(r) = -3*r**3 + 178*r**2 + 6*r - 3839. What is b(59)?
-4
Let j(o) = -o**3 - 80*o**2 - 483*o + 7. Calculate j(-6).
241
Let y(c) = c**2 - 39*c + 310. Give y(10).
20
Let j(y) = -2*y**2 - 445*y + 15426. Give j(-253).
-7
Let o(z) = 3*z**3 + 17*z**2 + 5*z + 33. What is o(-9)?
-822
Let m(u) = -2*u**3 - 21*u**2 - 68*u - 59. What is m(-4)?
5
Let k(w) = -w**3 - 20*w**2 + 130*w + 161. Give k(-25).
36
Let w(f) = -26*f - 234. Determine w(9).
-468
Let j(o) = -2182*o - 30617. Determine j(-14).
-69
Let w(b) = b**3 + 45*b**2 + 46*b + 160. Determine w(-44).
72
Let i(m) = -m**3 - 18*m**2 - 53*m - 808. Determine i(-18).
146
Let f(n) = 7*n**2 + 534*n - 1489. Calculate f(-79).
12
Let i(w) = w**2 - 236*w - 10402. What is i(274)?
10
Let i(v) = v**2 + 68*v - 1244. Give i(-83).
1
Let g(y) = -1250*y - 8. What is g(0)?
-8
Let f(n) = -218*n + 5667. Determine f(26).
-1
Let j(b) = -3*b**2 + 190*b + 427. Give j(65).
102
Let l(c) = -c**3 + c**2 + 27*c - 33. Give l(6).
-51
Let r(f) = -480*f + 975. Determine r(2).
15
Let f(s) = 43*s**2 + 9*s - 1. What is f(2)?
189
Let f(d) = d**2 - 91*d + 1173. Calculate f(14).
95
Let l(a) = 2*a**3 + 59*a**2 - 29*a + 36. Give l(-30).
6
Let s(h) = 13*h**2 + 101*h - 11. Give s(-6).
-149
Let o(h) = -4*h**2 - 160*h - 168. What is o(-39)?
-12
Let s(w) = 20051*w + 11. Determine s(0).
11
Let m(l) = l**2 - 4*l - 1582. Determine m(42).
14
Let a(l) = -4*l**3 - 193*l**2 - 49*l - 70. Give a(-48).
-22
Let f(s) = -300*s - 5086. Determine f(-17).
14
Let d(q) = -502*q - 3519. What is d(-7)?
-5
Let y(j) = 18*j + 112. Calculate y(-9).
-50
Let b(n) = -155*n + 140. Give b(-1).
295
Let q(k) = -k**3 - k**2 + 15*k + 28. What is q(-3)?
1
Let q(y) = y**3 - 34*y**2 - 38*y + 134. Calculate q(35).
29
Let v(y) = y**3 + 92*y**2 - 489*y - 350. What is v(-97)?
38
Let q(a) = -745*a + 11172. Determine q(15).
-3
Let o(m) = -49*m - 797. Calculate o(-17).
36
Let b(d) = -18*d**2 + 109*d. Determine b(6).
6
Let p(r) = 271*r - 1368. Calculate p(5).
-13
Let m(v) = v**2 - 198*v + 8842. Calculate m(130).
2
Let x(p) = p**3 + 19*p**2 - 97*p - 73. Calculate x(-23).
42
Let r(c) = 2*c**3 - 5*c**2 - 18*c + 24. Determine r(6).
168
Let x(j) = -j**2 + 58*j - 794. Give x(47).
-277
Let z(n) = -395*n + 9091. What is z(23)?
6
Let n(t) = t**3 - 5*t**2 - 36*t + 7. What is n(9)?
7
Let x(z) = 623*z + 8087. Calculate x(-13).
-12
Let y(r) = 12*r**2 - 838*r + 725. What is y(69)?
35
Let z(r) = r**2 - 219*r - 23170. Calculate z(-78).
-4
Let v(q) = -3*q - 77. What is v(-53)?
82
Let l(d) = -d**3 - 63*d**2 - 376*d + 884. Determine l(-56).
-12
Let r(h) = -1728*h + 12089. Determine r(7).
-7
Let b(k) = -2*k**3 - 11*k**2 + 10*k + 10. Give b(-4).
-78
Let h(i) = 22*i - 320. Determine h(16).
32
Let v(q) = q**3 + 17*q**2 - 49*q - 15. Calculate v(3).
18
Let u(v) = -41*v**3 + 2*v**2 - 13*v + 12. Give u(1).
-40
Let y(h) = 2*h**3 - 136*h**2 + 1799*h + 48. Calculate y(18).
30
Let x(m) = -1498*m - 44939. What is x(-30)?
1
Let i(b) = -2*b + 26. Give i(12).
2
Let t(x) = -x**3 - 3*x**2 - 6*x + 2. Determine t(-3).
20
Let q(h) = 2089*h + 33423. What is q(-16)?
-1
Let b(p) = -2*p**3 - 25*p**2 + p + 20. What is b(-13)?
176
Let s(u) = 46*u**2 - 2067*u - 133. Calculate s(45).
2
Let t(z) = 860*z - 2559. Give t(3).
21
Let s(j) = j**2 + 19*j + 84. Calculate s(-12).
0
Let g(k) = -63*k**2 + k - 4. What is g(-2)?
-258
Let h(r) = r**3 - 3*r**2 + 53*r + 196. Determine h(-4).
-128
Let x(d) = 33*d + 1661. Give x(-50).
11
Let o(d) = d**2 + 10*d + 49. Calculate o(-13).
88
Let z(j) = j**3 - 11*j**2 - 515*j - 1649. What is z(30)?
1
Let z(l) = 387*l + 10838. Give z(-28).
2
Let x(l) = l + 50. Calculate x(-32).
18
Let q(a) = 183*a - 38607. Give q(211).
6
Let o(q) = -818*q + 4083. What is o(5)?
-7
Let x(r) = -4*r**2 + 97*r + 317. Calculate x(27).
20
Let m(t) = 3*t**3 - 9*t**2 - 24*t - 25. Determine m(5).
5
Let d(c) = -1728*c - 10436. Determine d(-6).
-68
Let o(w) = w**3 + 39*w**2 - 3*w - 149. Calculate o(-39).
-32
Let u(m) = m**3 - 30*m**2 - 134*m - 2. Give u(34).
66
Let r(y) = y**3 - 8*y**2 - 4*y + 80. Calculate r(5).
-15
Let i(b) = 3*b**3 - 27*b**2 + 26*b - 82. Give i(8).
-66
Let t(c) = c**2 + 60*c - 1889. Calculate t(-83).
20
Let z(q) = -6*q**2 + 884*q + 1805. Determine z(-2).
13
Let a(w) = -2*w**3 + 119*w**2 - 301*w + 904. Give a(57).
-8
Let j(f) = 12*f - 50. What is j(-10)?
-170
Let p(o) = -o**3 + 13*o**2 + 28*o + 58. What is p(15)?
28
Let f(c) = -c**3 - 21*c**2 + 26*c + 70. Calculate f(-21).
-476
Let t(c) = -c**2 - 13*c + 193. Give t(-22).
-5
Let r(x) = x**2 + 139*x + 1646. Give r(-13).
8
Let g(b) = -b**2 + 36*b - 179. Calculate g(32).
-51
Let q(g) = 4*g**3 - 227*g**2 + 172*g - 235. Determine q(56).
-11
Let b(z) = -14*z**2 - 374*z - 47. Give b(-27).
-155
Let j(m) = -370*m - 296. What is j(-1)?
74
Let c(b) = 2*b**3 + 40*b**2 - 24*b - 25. Calculate c(-21).
-403
Let c(t) = 42*t - 4319. Calculate c(103).
7
Let c(o) = -92*o + 515. Give c(6).
-37
Let y(l) = 2*l**2 + 6*l - 606. What is y(-19)?
2
Let s(j) = 27*j**2 - 267*j - 334. Calculate s(11).
-4
Let k(h) = h + 3. Determine k(31).
34
Let o(a) = -65*a + 85. What is o(0)?
85
Let s(g) = 14*g + 1131. Give s(-80).
11
Let k(j) = -52*j + 364. Determine k(7).
0
Let m(r) = -16340*r - 506542. Give m(-31).
-2
Let x(d) = -140*d + 14003. Give x(100).
3
Let c(a) = -a**3 + 39*a**2 + 122*a - 1633. Determine c(41).
7
Let c(a) = -85*a + 1004. Determine c(12).
-16
Let w(h) = -4*h**2 + 80*h + 10. Determine w(20).
10
Let a(h) = -4*h**3 - 234*h**2 + 868*h + 5. Give a(-62).
5
Let g(b) = -b**3 - 8*b**2 - 45*b - 191. Calculate g(-6).
7
Let k(y) = y**3 - 31*y**2 + 52*y - 35. Determine k(29).
-209
Let h(k) = k**3 - 81*k - 29. Determine h(0).
-29
Let z(q) = 4*q - 206. What is z(39)?
-50
Let i(y) = 2*y**2 - 9*y + 110. Give i(17).
535
Let q(f) = -242*f - 23529. Give q(-97).
-55
Let q(x) = 108*x - 4514. What is q(42)?
22
Let y(v) = v**3 - v**2 - 32*v + 19. Calculate y(5).
-41
Let g(l) = 5*l**3 - 24*l**2 - 10*l - 9. Determine g(5).
-34
Let t(w) = 42*w - 3075. What is t(73)?
-9
Let m(k) = k**3 - 10*k**2 + 26*k - 31. Calculate m(7).
4
Let r(k) = -k**2 - 63*k + 7376. Give r(60).
-4
Let n(v) = -2*v**3 - 2*v**2 - 18*v - 40. Calculate n(-2).
4
Let b(v) = v**3 - 16*v**2 - 59*v + 380. Calculate b(18).
-34
Let s(b) = 7*b**2 + 97*b - 119. Calculate s(-15).
1
Let n(f) = 106*f + 1066. Determine n(-10).
6
Let n(i) = 2*i**2 + 12*i - 2. Determine n(-4).
-18
Let y(u) = -2137*u - 19240. What is y(-9)?
-7
Let q(h) = -h**3 + 30*h**2 - 127*h + 53. Calculate q(25).
3
Let o(r) = 41*r**2 - 4*